 b?
4
Suppose -2*z - 301 = -5*p, 2*p + 0*p - 5*z - 112 = 0. What is the tens digit of p?
6
Let a(g) = 3*g**2 + 4*g - 16. What is the hundreds digit of a(9)?
2
Suppose -693 = 3*l - 1800. Let r be -4 + 6 + l/1. Suppose -5*z - 81 + r = 0. What is the units digit of z?
8
What is the units digit of (9/(-27))/((-3)/3474)?
6
Let p(s) be the third derivative of s**5/60 - 3*s**4/8 - 2*s**3 - s**2. Suppose 34 + 21 = -11*i. What is the units digit of p(i)?
8
Let a = 3 - 1. Let k = 8 - 5. What is the tens digit of (a/4)/(k/66)?
1
Let x(b) = b**2 + b + 280. What is the hundreds digit of x(0)?
2
Let f = 666 - 438. Suppose -f = -2*p - 0*p. Suppose -q = -4*q + p. What is the units digit of q?
8
Suppose 2*k - 5*n = -6 - 168, 170 = -2*k + 4*n. Let z = k - -175. What is the units digit of z?
8
Let i = -1399 + 2242. What is the units digit of i?
3
Let d be -3 - -31 - 2/(-1). Suppose d = 2*t - 48. Let h = -24 + t. What is the tens digit of h?
1
Let p(m) be the first derivative of -9*m**2 - 14*m + 16. What is the units digit of p(-5)?
6
Let k = -12 - -107. Let m(n) = 2*n - 6. Let d be m(3). Suppose 2*l - k + 13 = d. What is the tens digit of l?
4
Suppose 0 = 4*b - k + 583, 14*k + 728 = -5*b + 15*k. What is the hundreds digit of -3 + 0 - ((0 - -2) + b)?
1
Suppose 0 = 2*g - 3*u - 1806, -5*u + 2117 = 2*g + 279. What is the tens digit of g?
0
Suppose -25*x + 21*x + 740 = 0. Suppose 873 = 5*l - q, l + 4*q + q = x. What is the hundreds digit of l?
1
Suppose 0 = 3*k + k + 5*p - 30, -4*k - 3*p = -26. Suppose -k*v - 5 = -70. Let t = 41 - v. What is the tens digit of t?
2
Let a(b) = b**2 - 6*b - 3. Suppose 2*j = -0*j + 14. Let p be a(j). Suppose -35 = -p*s + 77. What is the units digit of s?
8
Let p(h) = -h**2 + 8*h - 3. Let t = -14 + 21. What is the units digit of p(t)?
4
Let w = -4190 - -7041. What is the thousands digit of w?
2
Let w(g) = -47*g + 370. What is the units digit of w(0)?
0
What is the tens digit of 12/(-10)*5110/(-4)?
3
Suppose v + 3*y = 95, -v = 3*v - 3*y - 335. Let i = v + -70. What is the units digit of i?
6
Suppose -730 = 6*y - 3088. What is the tens digit of y?
9
What is the tens digit of 1965/5 + -6 + 3?
9
What is the tens digit of (-2)/23 + 70152/552?
2
Let g(l) = l**2 + 26*l. Let z be g(-26). Suppose -378 = -3*f + 3*h, f - 5*h + z*h - 146 = 0. What is the units digit of f?
1
Let g(z) = 6*z. Suppose 0 = -2*a - 5*p + 3, -2*a + 4*p = -30. What is the tens digit of g(a)?
5
Suppose 0 = -3*v + 4*q - 3*q + 1, q + 1 = -5*v. Suppose -3*p + 8*p - 3*r - 201 = v, 5*r - 225 = -5*p. What is the units digit of p?
2
Let s = 7291 + -4614. What is the thousands digit of s?
2
Let l(t) = -16*t - t**2 - 14 - 14 + 15. What is the units digit of l(-12)?
5
Let q = -3 - 62. Suppose 0 = 2*a + 4 + 4. Let h = a - q. What is the tens digit of h?
6
Let j be -1 + 2 + -2 + -26. Let h be (135/30)/(3/(-40)). Let v = j - h. What is the tens digit of v?
3
Let p(v) = 0*v**2 - 23*v**3 + 1 + 24*v**3 + 2*v**2 + v**2. Let b be p(-3). Let d(i) = 24*i**2 - 2*i + 1. What is the units digit of d(b)?
3
Suppose 0 = -8*r - 0. What is the units digit of (r + 2)*(5 + 38)?
6
Let q(w) = -20*w - 1 + 8*w + 8. What is the tens digit of q(-3)?
4
Suppose p + 4*m + 980 - 2767 = 0, -m = p - 1802. What is the tens digit of p?
0
Let j = 6461 - 1211. What is the thousands digit of j?
5
Suppose -7*c = -2*c - 1180. What is the hundreds digit of c?
2
Let z be (-20)/(1*(-5 + 3)). Let j be ((-45)/z)/((-3)/(-20)). What is the units digit of (j/(-9) + 3)*3?
9
Let j = 321 - -573. What is the hundreds digit of j?
8
Let g be (-4 + 2)/((-592)/(-298) - 2). Let m = -102 + g. What is the units digit of m?
7
Let o = 777 + -500. What is the tens digit of o?
7
Suppose 0 = c + 3*h + 2*h - 329, 4*h = -2*c + 670. What is the tens digit of (-4 + 2)/((-2037)/c + 6)?
2
Let o(k) = 10*k**2 + 12*k + 4. What is the tens digit of o(-8)?
4
Let m = 1798 + -927. What is the tens digit of m?
7
Suppose -2520 = 3*s - 6*s. Suppose 11*p - p = s. What is the tens digit of p?
8
Let j(b) = 2*b - 39. Let u be j(18). What is the units digit of u - (-1345)/15 - 1/(-3)?
7
Let v(h) = -h - 5. Let m be v(-9). Suppose 4*d + m*q = 32, -4*d - q = -0*d - 26. What is the units digit of (6/4)/(d/8)?
2
Let j = 1760 - 1284. What is the tens digit of j?
7
Let l be (-2)/((-3)/9*-3). Let p be (-1 + 24)/(l/2). Let v = p - -40. What is the units digit of v?
7
Suppose -25*a = -30*a + 25. Suppose 3*l + 65 - 362 = -3*u, a*u = l - 111. What is the units digit of l?
1
Let s = 163 - -8. What is the tens digit of s?
7
Let v(t) = -t - 6. Let a be v(-6). Let j(i) = -16*i + 121. Let m(y) = 3*y - 24. Let k(u) = -2*j(u) - 11*m(u). What is the tens digit of k(a)?
2
Let m be 2 - 6 - (-1 + 11). Let n = m + 30. What is the units digit of n?
6
Let a(c) = 3*c**2 - 24*c - 48. What is the units digit of a(-9)?
1
Let r(z) be the first derivative of 35*z**3/3 - z**2 - 2*z - 4. Let x be r(-1). Suppose 0 = -3*m + 101 - x. What is the units digit of m?
2
Let r = 359 + -173. What is the tens digit of r?
8
Let i(f) = f**2 + 7*f + 6. Let c be i(-8). Let r = 20 - c. What is the units digit of r?
6
Let u(w) = -w**3 + 4*w**2 + 5*w + 5. Let j be u(5). Let r(k) = -2*k + j*k**2 + 2*k - 7 + 10. What is the tens digit of r(-2)?
2
Let z = 356 + -89. Let x = -142 + z. What is the hundreds digit of x?
1
What is the thousands digit of (950 - 0)/((-80)/(-200))?
2
Suppose 4*a + 0*a - 4 = -2*b, 5*b - 2 = -2*a. What is the tens digit of (-2)/(-8) + a/((-4)/(-87))?
2
Let c = -4855 + 8147. What is the hundreds digit of c?
2
Suppose -2*m = -11*x + 8*x + 1074, 5*x + m = 1790. What is the hundreds digit of x?
3
Let o(n) be the third derivative of -n**5/60 - 2*n**4/3 - 7*n**3/6 - 7*n**2. Let w be o(-15). Suppose 15*x - w = 14*x. What is the units digit of x?
8
Suppose 0*l = 6*l - 18. What is the units digit of (10 + 5)*(l + -2)?
5
What is the hundreds digit of (2348/6 - -2)*402/335?
4
Let n = -154 - -629. What is the hundreds digit of n?
4
Suppose 0 = -13*s + 21 - 8. Let f(o) = 179*o**3 - 3*o**2 + 4*o - 1. What is the units digit of f(s)?
9
Let s = -182 - -184. What is the units digit of s?
2
Let g be 1/(-3) - (-13)/3. Suppose g = 4*x - 0*x. What is the tens digit of 0/x - (-7 - 20)?
2
Let b be ((-4)/(-8))/(-1)*0 + -300. What is the hundreds digit of 40/b - 6814/(-30)?
2
Let h = -236 + 245. Let d(o) be the second derivative of 2*o**3/3 - 7*o**2/2 - o. What is the units digit of d(h)?
9
Let i(j) = j**3 + j**2 - 3*j - 3. Let l be i(-1). Suppose -3*k + w + 269 = l, -2*k + w = -4*w - 188. What is the units digit of k?
9
Let x = -1138 + 3369. What is the units digit of x?
1
Let g(a) be the third derivative of a**6/120 - a**5/15 + a**4/24 + 2*a**3/3 + 7*a**2. Let v be g(4). Suppose -20 - v = -4*i. What is the units digit of i?
7
Let w = -3059 + 4374. What is the hundreds digit of w?
3
Let c(k) = 841*k**2 + k + 1. Let o be c(-1). Suppose -6*j - 4*g = -j - o, -5*j = -3*g - 813. What is the tens digit of j?
6
Suppose -2*r + 5*r = -r. Suppose -5*k - 2*f + 466 = 0, 0*k - 2*k + 4*f + 196 = r. What is the tens digit of k?
9
Suppose 0 = 3*i - x - x - 47, 3*i = x + 49. Suppose i*q - 113 = 16*q. What is the hundreds digit of q?
1
Suppose a - 3*a = 5*r + 112, 2*a - 8 = 0. Let y = 29 + r. Suppose 4*d + 0*f = -f + 293, 15 = -y*f. What is the units digit of d?
4
Let h(j) = 2*j**2 + 2*j - 7. Let m be h(-3). Let p(z) = 7*z - 17. What is the tens digit of p(m)?
1
Suppose -q = 2*w + 2, 5*q + 2*w - 8 = w. Let t(l) = 12*l**3 - 3*l**2 + l + 4. What is the units digit of t(q)?
0
Let o = -27 - 47. Suppose 7*h = 659 + 69. Let v = h + o. What is the tens digit of v?
3
Let b = 1 + -9. Let v = b + 26. What is the units digit of 12/v + (-13)/(-3)?
5
What is the tens digit of 4/(-4) + -2 + 575 + 3?
7
Let b(o) = 1 + o**2 - 54*o + 52*o - 11. What is the tens digit of b(7)?
2
Suppose -c - 26 + 20 = 0. What is the units digit of (-548)/c + 10/(-30)?
1
Let i(m) = -m**3 - 5*m**2 + 2*m - 2. Let g be i(-5). Let h(z) = 4*z + 17. Let t(f) = -5*f - 17. Let k(n) = 7*h(n) + 6*t(n). What is the tens digit of k(g)?
4
Suppose -4*t + 1368 = 2*x - 7*x, 8 = 2*x. What is the hundreds digit of t?
3
Suppose 33*n - 49415 = -16250. What is the tens digit of n?
0
Suppose -4*r + 3*r - 4*v = -10, -5*v = r - 11. Suppose -10*w = -r*w - 232. What is the units digit of w?
8
Supp